52. Let x = 590 + -381. Suppose -4*f + x = -5*r + 5, -q = 3*r. What are the prime factors of f?
2, 23
Suppose 0 = -13*a + 3229 + 6989. List the prime factors of a.
2, 3, 131
Let n(r) = 5*r + 7. Let k be n(4). Let w be 548/(-36) - (-6)/k. What are the prime factors of 200/w*(-36)/10?
2, 3
Suppose -5*o + 7393 = 1803. List the prime factors of o.
2, 13, 43
List the prime factors of 53898/91*21/12*2.
3, 691
Let t = 54 - 51. Suppose -3*d = -t*k, 21 = -0*d + 5*d + 2*k. List the prime factors of d.
3
Suppose -7 + 3 = -l. Suppose 84 = l*m - 96. List the prime factors of m.
3, 5
What are the prime factors of (-2)/15 - (40285/(-75) - 2)?
7, 11
Let n(x) = x - 9. Let a be n(9). Suppose 3*f + 68 - 338 = a. What are the prime factors of f?
2, 3, 5
Let t = -20 + 27. Let c(f) = 11*f - 15. What are the prime factors of c(t)?
2, 31
Let g = -6 - -11. Let k(m) = -m + 9. Let b be k(g). Suppose 19 = -b*q + 39. List the prime factors of q.
5
Let o be 5 + -2 + (0 - 3). Let v = -23 + 29. Suppose o = -3*b + v + 21. List the prime factors of b.
3
Let a(u) = 8*u**2 - 3*u - 9. Let d(h) = -h**2 - h + 1. Let y(x) = a(x) + d(x). List the prime factors of y(4).
2, 11
Suppose -3*c + 4*c - 288 = 0. List the prime factors of c.
2, 3
Let g = -308 + 408. What are the prime factors of g?
2, 5
Suppose -2*d - o + 48 = -3*o, 3*d - 5*o - 78 = 0. Let l = d + -23. What are the prime factors of (-4)/l*-2 + 57?
53
Let o(x) = -2 + 7*x - 10*x**2 + 27*x**2 - 5*x. What are the prime factors of o(2)?
2, 5, 7
Let f = -3 + -2. Let x(z) = 4*z**2 - 4*z - 33. List the prime factors of x(f).
3, 29
Let c(s) = -s + 3. Let i be c(-6). Let j = 27 - i. What are the prime factors of j?
2, 3
Let d = 615 + -344. What are the prime factors of d?
271
Let l(x) = x**2 - 9*x + 6. Let y be l(6). Let j be (y/(-8) + -2)*0. Suppose j*u = 5*u - 50. What are the prime factors of u?
2, 5
Let j(o) = -o**2 - 7*o - 1. Let i be j(-7). Let v be (-6 + 6)*(-1)/i. Suppose v = 4*p + p - 5*w + 10, -4*p = -2*w - 2. What are the prime factors of p?
3
Let y = -122 + 286. What are the prime factors of y?
2, 41
Let o(s) = 6*s**2 + 0*s - 5*s - 10 + 13*s + 1. List the prime factors of o(4).
7, 17
Let r be -8 + 8 + 1 + -1. Let w be (-3*2)/(-3 + r). Suppose z = w + 42. List the prime factors of z.
2, 11
Let q = 71 - -169. Let k = -91 + q. List the prime factors of k.
149
Suppose -4*i = -156 - 112. What are the prime factors of i?
67
Let g(d) be the second derivative of 1/12*d**4 + 0 + 3/2*d**2 - 5*d - 1/2*d**3 + 3/20*d**5. List the prime factors of g(2).
5
Let j(h) = h - 8. Let w be j(6). Let t(z) = z**3 + 4*z**2 + 4*z + 3. Let s be t(w). Suppose 7*c = s*c + 76. List the prime factors of c.
19
Let q = 39 - 257. Let w = 375 + q. List the prime factors of w.
157
Let b(j) = j**3 - 9*j**2 + 2. Let l be b(9). Let s(q) = -5*q + 7*q**l + 5*q + 5*q + q**3 + 2. What are the prime factors of s(-4)?
2, 3, 5
Let l(f) = 289*f. Let r be l(1). Suppose -2*c = 2*y - c - 201, r = 3*y - c. List the prime factors of y.
2, 7
Suppose 71*v = -2*j + 67*v + 2730, 4084 = 3*j - 5*v. List the prime factors of j.
29, 47
Let h be (42/9 - 4)*6. Suppose -h*l + 5*l + 305 = 5*c, 315 = 5*c + l. What are the prime factors of c?
2, 31
Let l(i) = i**2 + 48*i + 522. List the prime factors of l(-67).
5, 359
What are the prime factors of (-15)/(-10)*11*(-140)/(-6)?
5, 7, 11
Let k be (-48)/21 + 2/7. Let h be (3/2)/(k/12). Let g(d) = -d**2 - 9*d + 7. List the prime factors of g(h).
7
Suppose 2345 = 3*t + 4*t. What are the prime factors of t?
5, 67
Let i(v) = -v**2 - 8*v + 16. Let w(a) = a**2 + 10*a - 7. Let g be w(-10). What are the prime factors of i(g)?
23
Let f(h) = 16*h + 36*h + 25*h + 40*h - 4. List the prime factors of f(1).
113
Suppose -114*i + 12986 = -71*i. List the prime factors of i.
2, 151
Suppose 3 = 3*k, -4*j - 3*k + 5979 = 368. List the prime factors of j.
2, 701
Let d(b) = -33*b + 1. Suppose -6*n = -11*n - 55. Let g = n + 10. List the prime factors of d(g).
2, 17
Let t(z) = -z**2 - 13*z + 2. Suppose 5*c = 53 - 8. Let p(j) = -j**2 + 8*j - 4. Let g be p(c). What are the prime factors of t(g)?
2
Suppose -5*b + 2*l = -2622, -l = -3*b - 5*l + 1568. Suppose -7*y + 3*u + b = -5*y, 3*y + u - 808 = 0. What are the prime factors of y?
2, 67
Let v be 0*3/15 - -4. List the prime factors of 9/(v + (-27)/7).
3, 7
Let s be (-16)/12*(-3)/(-2). Let q be (8 + -2)*(-1)/s. Suppose -n = -3*n - q*f + 27, -f = -2*n + 23. What are the prime factors of n?
2, 3
Let x(t) = 2*t - 4. Let o(y) = -y + 3. Let l(i) = 5*o(i) + 4*x(i). Let a = 2 + 1. What are the prime factors of l(a)?
2
Let s(r) = r**2 - 2 - 2*r**2 - 14*r + 20 + 1. Let g be -14 + (-4 - -4)/3. What are the prime factors of s(g)?
19
List the prime factors of (30/(-18) - -6)*39.
13
Suppose 0*d + 3*t = -3*d - 21, -2*d + 4*t = -10. Let s be (12/(-5))/(d/(-15)). Let u = -2 - s. List the prime factors of u.
2, 5
Let y(m) = 6*m - 7. Let j be y(-5). Let p(q) = -8*q + 47. Let o be p(6). List the prime factors of 6/(-12)*(j + o).
19
Let z be (-42)/(-5)*(-110)/(-33). Let n be ((-30)/35)/((-6)/z). Suppose 0 = i + 4*r - 49, -3*i - 3*r + n*r + 147 = 0. List the prime factors of i.
7
Let l = -23 - -27. Suppose -3*p - o + 100 = l*o, 4*o = 2*p - 74. List the prime factors of p.
5, 7
Suppose -4220 = -9*s - s. What are the prime factors of s?
2, 211
Suppose -12 = -5*o - 2. Suppose o*h - 309 = 5*u, 4*h - u = u + 578. What are the prime factors of h?
2, 71
Suppose -6*g + 4*h + 12 = -2*g, 3*h = -4*g + 47. Suppose 0 = -g*b + 4*b - 2*d + 340, 2*b = -2*d + 168. What are the prime factors of b?
2, 43
Let d be (-1 - 3/1) + -471. Let s be d/(-10)*(2 - 0). Suppose 5*r - 75 = s. List the prime factors of r.
2, 17
Suppose 2*z = 2*o - 1436, 2*o - 5*o - 2*z + 2164 = 0. List the prime factors of o.
2, 3, 5
Suppose -g + 4*n = 2*n - 3, -n = -2*g + 6. Suppose 187 = g*x + 16. Suppose x = 4*b + z, 43 = 2*b + b + z. List the prime factors of b.
2, 7
Suppose 5*q - 3*g + 187 = 0, -q - 5*g + 4 = 19. Let m = 0 - q. What are the prime factors of m?
5, 7
Let o(z) = 2*z**2 - z + 12. Let k be o(6). Let v = -45 + k. List the prime factors of v.
3, 11
Suppose -4*q + 5*c = -519 - 2686, 2403 = 3*q - 4*c. List the prime factors of q.
5, 7, 23
Suppose 31 = 2*h + 1. Let w(q) = -3*q + 2. Let r(c) = -8*c + 5. Let i(u) = -2*r(u) + 5*w(u). What are the prime factors of i(h)?
3, 5
List the prime factors of (1/2)/(6/9852).
821
Let d be ((-3)/(-3)*-4)/(-4). List the prime factors of -3 - (3/d + -31).
5
Suppose 4*o = 4*v - 2*v + 176, 5*o - 3*v - 218 = 0. Let z be (o/(-4))/((-5)/10). Let m = -10 + z. List the prime factors of m.
13
Let s be 3/1 - (2 - -13). Let x be -4 + (-3)/(s/244). Suppose 209 = 4*v + x. What are the prime factors of v?
2, 19
Suppose 5*k - 5*c = 1650, -c + 21 = 22. What are the prime factors of k?
7, 47
Suppose -d - d = 2*h - 1776, -5*h = d - 4428. What are the prime factors of h?
3, 5, 59
Let q = -18 + 18. Let n be (q - -1)/((-6)/(-102)). Suppose -3*y + 15 = 0, -2*f + 5 + n = 2*y. What are the prime factors of f?
2, 3
Suppose 0*j - 4*f = 3*j - 30, -2*j + 5*f + 20 = 0. Suppose -5*d + 10*d = -j. List the prime factors of (26/5)/(d/(-5)).
13
Let i be 4/(-1*(-6)/9). Let b be 218/i - (-14)/(-42). Let l = 16 + b. What are the prime factors of l?
2, 13
Suppose 0*j + 3*j = 2*l + 1183, 3*j - 3*l - 1188 = 0. List the prime factors of j.
17, 23
Let j(l) = l**2 + 17*l + 20. Let w be j(-8). Let o = w + 276. List the prime factors of o.
2, 7
Suppose -4*u = 5*b - 7*u - 2667, b - 4*u = 530. List the prime factors of (6/(-2))/(-6)*b.
3, 89
Let j = -96 - -188. What are the prime factors of 1*-9*j/(-12)?
3, 23
Let w = -10 - 7. Let n = w - -30. Let t = -8 + n. List the prime factors of t.
5
Let g(h) = 3*h**2 - 5*h - 1. Let b be g(-5). Suppose -4*r = -r - b. Suppose 5*n - r = 27. What are the prime factors of n?
2, 3
Suppose 5*w = 480 - 1190. Let h = 241 + w. List the prime factors of h.
3, 11
Let j(v) = -6*v + 1 + 4*v - 4. Let s(c) = 3*c + 14. Let l be s(-6). List the prime factors of j(l).
5
Suppose f + r = 0, 0 = 2*f - 4*f + 5*r. Let k(v) = -2*v**3 + 1 - 9*v**2 + 6*v**2 - 2*v + f*v**3 + 0. What are the prime factors of k(-3)?
2, 17
Suppose 0 = -3*j + 5*n + 4 + 20, 4*j = -5*n + 32. Suppose 24 = 4*y - j. Let u(m) = 4*m - 12. List the prime factors of u(y).
2, 5
What are the prime factors o